{"id":184,"date":"2022-07-11T16:47:57","date_gmt":"2022-07-11T14:47:57","guid":{"rendered":"https:\/\/ladama.fr\/?page_id=184"},"modified":"2022-07-27T14:46:23","modified_gmt":"2022-07-27T12:46:23","slug":"la-terrasse-du-clos","status":"publish","type":"page","link":"https:\/\/ladama.fr\/it\/la-terrasse-du-clos\/","title":{"rendered":"La terrasse du clos"},"content":{"rendered":"<section id=\"block_62cc383eeab71\" class=\"ladama__page__section__article\">\n    <div class=\"ladama__page__section__article__content\">\n        <div class=\"ladama__page__section__article__title\"><p><strong>La<\/strong><\/p>\n<p><strong>Terrasse du clos<\/strong><\/p>\n<\/div>\n                    <div class=\"ladama__page__section__article__subtitle\">ristorante effimero<\/div>\n                <div class=\"ladama__page__section__article__text\">\n            <p><img loading=\"lazy\" decoding=\"async\" class=\"alignnone size-medium wp-image-192\" src=\"https:\/\/ladama.fr\/wp-content\/uploads\/2022\/07\/Image-6-300x300.png\" alt=\"\" width=\"300\" height=\"300\" srcset=\"https:\/\/ladama.fr\/wp-content\/uploads\/2022\/07\/Image-6-300x300.png 300w, https:\/\/ladama.fr\/wp-content\/uploads\/2022\/07\/Image-6-150x150.png 150w, https:\/\/ladama.fr\/wp-content\/uploads\/2022\/07\/Image-6.png 520w\" sizes=\"auto, (max-width: 300px) 100vw, 300px\" \/><\/p>\n<p>&nbsp;<\/p>\n<p>Quando Davide e Marion incontrano un viticoltore, parlano di vino e soprattutto di cucina. \u00c8 cos\u00ec che \u00e8 nato questo ristorante temporaneo nel cuore del cru Pouilly-Fuiss\u00e9. Immaginatevi nei vigneti, in un ambiente unico, di fronte alla Roche de Solutr\u00e9! Davide &amp; Marion hanno in serbo per voi un pranzo o una cena che non dimenticherete presto! La Terrasse du Clos \u00e8 effimera, ci sono solo poche date tra giugno e settembre... ed \u00e8 su prenotazione! vedi date<\/p>\n<p>&nbsp;<\/p>\n<p><a href=\"http:\/\/www.laterrasseduclos.com\"> www.laterrasseduclos.com<\/a><\/p>\n                <div class=\"ladama__page__section__article__text__section__link__container\">                            <div class=\"ladama__page__section__article__text__section__link\"><\/div>\n                                        <\/div>\n                    <\/div>\n        <div class=\"ladama__page__section__article__gallery\">\n                                <img decoding=\"async\" src=\"https:\/\/ladama.fr\/wp-content\/uploads\/2022\/07\/Capture-de\u0301cran-1-3.png\" alt=\"\"\n                         class=\"ladama__page__section__article__gallery__image\">\n                                    <img decoding=\"async\" src=\"https:\/\/ladama.fr\/wp-content\/uploads\/2022\/07\/Capture-de\u0301cran-2022-06-21-a\u0300-15.58.45-2.png\" alt=\"\"\n                         class=\"ladama__page__section__article__gallery__image\">\n                        <\/div>\n    <\/div>\n<\/section>","protected":false},"excerpt":{"rendered":"","protected":false},"author":1,"featured_media":0,"parent":0,"menu_order":0,"comment_status":"closed","ping_status":"closed","template":"templates-pages\/template-default.php","meta":{"footnotes":""},"class_list":["post-184","page","type-page","status-publish","hentry"],"acf":[],"yoast_head":"<!-- This site is optimized with the Yoast SEO plugin v19.4 - https:\/\/yoast.com\/wordpress\/plugins\/seo\/ -->\n<title>La Dama | La terrasse du clos<\/title>\n<meta name=\"description\" content=\"Restaurant \u00e9ph\u00e9m\u00e8re au c\u0153ur du cru Pouilly-Fuiss\u00e9, au milieu des vignes, dans un cadre unique face \u00e0 la Roche de Solutr\u00e9.\" \/>\n<meta name=\"robots\" content=\"index, follow, max-snippet:-1, max-image-preview:large, max-video-preview:-1\" \/>\n<link rel=\"canonical\" href=\"https:\/\/ladama.agencealbum.com\/la-terrasse-du-clos\/\" \/>\n<meta property=\"og:locale\" content=\"it_IT\" \/>\n<meta property=\"og:type\" content=\"article\" \/>\n<meta property=\"og:title\" content=\"La Dama | La terrasse du clos\" \/>\n<meta property=\"og:description\" content=\"Restaurant \u00e9ph\u00e9m\u00e8re au c\u0153ur du cru Pouilly-Fuiss\u00e9, au milieu des vignes, dans un cadre unique face \u00e0 la Roche de Solutr\u00e9.\" \/>\n<meta property=\"og:url\" content=\"https:\/\/ladama.agencealbum.com\/la-terrasse-du-clos\/\" \/>\n<meta property=\"og:site_name\" content=\"La Dama\" \/>\n<meta property=\"article:publisher\" content=\"https:\/\/www.facebook.com\/restaurantchateaudespoccards\" \/>\n<meta property=\"article:modified_time\" content=\"2022-07-27T12:46:23+00:00\" \/>\n<meta name=\"twitter:card\" content=\"summary_large_image\" \/>\n<script type=\"application\/ld+json\" class=\"yoast-schema-graph\">{\"@context\":\"https:\/\/schema.org\",\"@graph\":[{\"@type\":\"Organization\",\"@id\":\"https:\/\/ladama.fr\/#organization\",\"name\":\"La Dama restaurant\",\"url\":\"https:\/\/ladama.fr\/\",\"sameAs\":[\"https:\/\/www.instagram.com\/restaurant_ladama\/\",\"https:\/\/www.facebook.com\/restaurantchateaudespoccards\"],\"logo\":{\"@type\":\"ImageObject\",\"inLanguage\":\"it-IT\",\"@id\":\"https:\/\/ladama.fr\/#\/schema\/logo\/image\/\",\"url\":\"https:\/\/ladama.fr\/wp-content\/uploads\/2022\/07\/cropped-Sans-titre-1.png\",\"contentUrl\":\"https:\/\/ladama.fr\/wp-content\/uploads\/2022\/07\/cropped-Sans-titre-1.png\",\"width\":512,\"height\":512,\"caption\":\"La Dama restaurant\"},\"image\":{\"@id\":\"https:\/\/ladama.fr\/#\/schema\/logo\/image\/\"}},{\"@type\":\"WebSite\",\"@id\":\"https:\/\/ladama.fr\/#website\",\"url\":\"https:\/\/ladama.fr\/\",\"name\":\"La Dama\",\"description\":\"Le restaurant de Davide et Marion \u00e0 M\u00e2con\",\"publisher\":{\"@id\":\"https:\/\/ladama.fr\/#organization\"},\"potentialAction\":[{\"@type\":\"SearchAction\",\"target\":{\"@type\":\"EntryPoint\",\"urlTemplate\":\"https:\/\/ladama.fr\/?s={search_term_string}\"},\"query-input\":\"required name=search_term_string\"}],\"inLanguage\":\"it-IT\"},{\"@type\":\"WebPage\",\"@id\":\"https:\/\/ladama.agencealbum.com\/la-terrasse-du-clos\/\",\"url\":\"https:\/\/ladama.agencealbum.com\/la-terrasse-du-clos\/\",\"name\":\"La Dama | La terrasse du clos\",\"isPartOf\":{\"@id\":\"https:\/\/ladama.fr\/#website\"},\"datePublished\":\"2022-07-11T14:47:57+00:00\",\"dateModified\":\"2022-07-27T12:46:23+00:00\",\"description\":\"Restaurant \u00e9ph\u00e9m\u00e8re au c\u0153ur du cru Pouilly-Fuiss\u00e9, au milieu des vignes, dans un cadre unique face \u00e0 la Roche de Solutr\u00e9.\",\"breadcrumb\":{\"@id\":\"https:\/\/ladama.agencealbum.com\/la-terrasse-du-clos\/#breadcrumb\"},\"inLanguage\":\"it-IT\",\"potentialAction\":[{\"@type\":\"ReadAction\",\"target\":[\"https:\/\/ladama.agencealbum.com\/la-terrasse-du-clos\/\"]}]},{\"@type\":\"BreadcrumbList\",\"@id\":\"https:\/\/ladama.agencealbum.com\/la-terrasse-du-clos\/#breadcrumb\",\"itemListElement\":[{\"@type\":\"ListItem\",\"position\":1,\"name\":\"Accueil\",\"item\":\"https:\/\/ladama.fr\/\"},{\"@type\":\"ListItem\",\"position\":2,\"name\":\"La terrasse du clos\"}]}]}<\/script>\n<!-- \/ Yoast SEO plugin. -->","yoast_head_json":{"title":"La Dama | La terrasse du clos","description":"Restaurant \u00e9ph\u00e9m\u00e8re au c\u0153ur du cru Pouilly-Fuiss\u00e9, au milieu des vignes, dans un cadre unique face \u00e0 la Roche de Solutr\u00e9.","robots":{"index":"index","follow":"follow","max-snippet":"max-snippet:-1","max-image-preview":"max-image-preview:large","max-video-preview":"max-video-preview:-1"},"canonical":"https:\/\/ladama.agencealbum.com\/la-terrasse-du-clos\/","og_locale":"it_IT","og_type":"article","og_title":"La Dama | La terrasse du clos","og_description":"Restaurant \u00e9ph\u00e9m\u00e8re au c\u0153ur du cru Pouilly-Fuiss\u00e9, au milieu des vignes, dans un cadre unique face \u00e0 la Roche de Solutr\u00e9.","og_url":"https:\/\/ladama.agencealbum.com\/la-terrasse-du-clos\/","og_site_name":"La Dama","article_publisher":"https:\/\/www.facebook.com\/restaurantchateaudespoccards","article_modified_time":"2022-07-27T12:46:23+00:00","twitter_card":"summary_large_image","schema":{"@context":"https:\/\/schema.org","@graph":[{"@type":"Organization","@id":"https:\/\/ladama.fr\/#organization","name":"La Dama restaurant","url":"https:\/\/ladama.fr\/","sameAs":["https:\/\/www.instagram.com\/restaurant_ladama\/","https:\/\/www.facebook.com\/restaurantchateaudespoccards"],"logo":{"@type":"ImageObject","inLanguage":"it-IT","@id":"https:\/\/ladama.fr\/#\/schema\/logo\/image\/","url":"https:\/\/ladama.fr\/wp-content\/uploads\/2022\/07\/cropped-Sans-titre-1.png","contentUrl":"https:\/\/ladama.fr\/wp-content\/uploads\/2022\/07\/cropped-Sans-titre-1.png","width":512,"height":512,"caption":"La Dama restaurant"},"image":{"@id":"https:\/\/ladama.fr\/#\/schema\/logo\/image\/"}},{"@type":"WebSite","@id":"https:\/\/ladama.fr\/#website","url":"https:\/\/ladama.fr\/","name":"La Dama","description":"Le restaurant de Davide et Marion \u00e0 M\u00e2con","publisher":{"@id":"https:\/\/ladama.fr\/#organization"},"potentialAction":[{"@type":"SearchAction","target":{"@type":"EntryPoint","urlTemplate":"https:\/\/ladama.fr\/?s={search_term_string}"},"query-input":"required name=search_term_string"}],"inLanguage":"it-IT"},{"@type":"WebPage","@id":"https:\/\/ladama.agencealbum.com\/la-terrasse-du-clos\/","url":"https:\/\/ladama.agencealbum.com\/la-terrasse-du-clos\/","name":"La Dama | La terrasse du clos","isPartOf":{"@id":"https:\/\/ladama.fr\/#website"},"datePublished":"2022-07-11T14:47:57+00:00","dateModified":"2022-07-27T12:46:23+00:00","description":"Restaurant \u00e9ph\u00e9m\u00e8re au c\u0153ur du cru Pouilly-Fuiss\u00e9, au milieu des vignes, dans un cadre unique face \u00e0 la Roche de Solutr\u00e9.","breadcrumb":{"@id":"https:\/\/ladama.agencealbum.com\/la-terrasse-du-clos\/#breadcrumb"},"inLanguage":"it-IT","potentialAction":[{"@type":"ReadAction","target":["https:\/\/ladama.agencealbum.com\/la-terrasse-du-clos\/"]}]},{"@type":"BreadcrumbList","@id":"https:\/\/ladama.agencealbum.com\/la-terrasse-du-clos\/#breadcrumb","itemListElement":[{"@type":"ListItem","position":1,"name":"Accueil","item":"https:\/\/ladama.fr\/"},{"@type":"ListItem","position":2,"name":"La terrasse du clos"}]}]}},"_links":{"self":[{"href":"https:\/\/ladama.fr\/it\/wp-json\/wp\/v2\/pages\/184","targetHints":{"allow":["GET"]}}],"collection":[{"href":"https:\/\/ladama.fr\/it\/wp-json\/wp\/v2\/pages"}],"about":[{"href":"https:\/\/ladama.fr\/it\/wp-json\/wp\/v2\/types\/page"}],"author":[{"embeddable":true,"href":"https:\/\/ladama.fr\/it\/wp-json\/wp\/v2\/users\/1"}],"replies":[{"embeddable":true,"href":"https:\/\/ladama.fr\/it\/wp-json\/wp\/v2\/comments?post=184"}],"version-history":[{"count":11,"href":"https:\/\/ladama.fr\/it\/wp-json\/wp\/v2\/pages\/184\/revisions"}],"predecessor-version":[{"id":221,"href":"https:\/\/ladama.fr\/it\/wp-json\/wp\/v2\/pages\/184\/revisions\/221"}],"wp:attachment":[{"href":"https:\/\/ladama.fr\/it\/wp-json\/wp\/v2\/media?parent=184"}],"curies":[{"name":"wp","href":"https:\/\/api.w.org\/{rel}","templated":true}]}}

<section id="block_62cc383eeab71" class="ladama__page__section__article">
    <div class="ladama__page__section__article__content">
        <div class="ladama__page__section__article__title"><p><strong>La</strong></p>
<p><strong>Terrasse du clos</strong></p>
</div>
                    <div class="ladama__page__section__article__subtitle">ristorante effimero</div>
                <div class="ladama__page__section__article__text">
            <p><img loading="lazy" decoding="async" class="alignnone size-medium wp-image-192" src="https://ladama.fr/wp-content/uploads/2022/07/Image-6-300x300.png" alt="" width="300" height="300" srcset="https://ladama.fr/wp-content/uploads/2022/07/Image-6-300x300.png 300w, https://ladama.fr/wp-content/uploads/2022/07/Image-6-150x150.png 150w, https://ladama.fr/wp-content/uploads/2022/07/Image-6.png 520w" sizes="auto, (max-width: 300px) 100vw, 300px" /></p>
<p>&nbsp;</p>
<p>Quando Davide e Marion incontrano un viticoltore, parlano di vino e soprattutto di cucina. È così che è nato questo ristorante temporaneo nel cuore del cru Pouilly-Fuissé. Immaginatevi nei vigneti, in un ambiente unico, di fronte alla Roche de Solutré! Davide &amp; Marion hanno in serbo per voi un pranzo o una cena che non dimenticherete presto! La Terrasse du Clos è effimera, ci sono solo poche date tra giugno e settembre... ed è su prenotazione! vedi date</p>
<p>&nbsp;</p>
<p><a href="http://www.laterrasseduclos.com"> www.laterrasseduclos.com</a></p>
                <div class="ladama__page__section__article__text__section__link__container">                            <div class="ladama__page__section__article__text__section__link"></div>
                                        </div>
                    </div>
        <div class="ladama__page__section__article__gallery">
                                <img decoding="async" src="https://ladama.fr/wp-content/uploads/2022/07/Capture-décran-1-3.png" alt=""
                         class="ladama__page__section__article__gallery__image">
                                    <img decoding="async" src="https://ladama.fr/wp-content/uploads/2022/07/Capture-décran-2022-06-21-à-15.58.45-2.png" alt=""
                         class="ladama__page__section__article__gallery__image">
                        </div>
    </div>
</section>

<!-- This site is optimized with the Yoast SEO plugin v19.4 - https://yoast.com/wordpress/plugins/seo/ -->
<title>La Dama | La terrasse du clos</title>
<meta name="description" content="Restaurant éphémère au cœur du cru Pouilly-Fuissé, au milieu des vignes, dans un cadre unique face à la Roche de Solutré." />
<meta name="robots" content="index, follow, max-snippet:-1, max-image-preview:large, max-video-preview:-1" />
<link rel="canonical" href="https://ladama.agencealbum.com/la-terrasse-du-clos/" />
<meta property="og:locale" content="it_IT" />
<meta property="og:type" content="article" />
<meta property="og:title" content="La Dama | La terrasse du clos" />
<meta property="og:description" content="Restaurant éphémère au cœur du cru Pouilly-Fuissé, au milieu des vignes, dans un cadre unique face à la Roche de Solutré." />
<meta property="og:url" content="https://ladama.agencealbum.com/la-terrasse-du-clos/" />
<meta property="og:site_name" content="La Dama" />
<meta property="article:publisher" content="https://www.facebook.com/restaurantchateaudespoccards" />
<meta property="article:modified_time" content="2022-07-27T12:46:23+00:00" />
<meta name="twitter:card" content="summary_large_image" />
<script type="application/ld+json" class="yoast-schema-graph">{"@context":"https://schema.org","@graph":[{"@type":"Organization","@id":"https://ladama.fr/#organization","name":"La Dama restaurant","url":"https://ladama.fr/","sameAs":["https://www.instagram.com/restaurant_ladama/","https://www.facebook.com/restaurantchateaudespoccards"],"logo":{"@type":"ImageObject","inLanguage":"it-IT","@id":"https://ladama.fr/#/schema/logo/image/","url":"https://ladama.fr/wp-content/uploads/2022/07/cropped-Sans-titre-1.png","contentUrl":"https://ladama.fr/wp-content/uploads/2022/07/cropped-Sans-titre-1.png","width":512,"height":512,"caption":"La Dama restaurant"},"image":{"@id":"https://ladama.fr/#/schema/logo/image/"}},{"@type":"WebSite","@id":"https://ladama.fr/#website","url":"https://ladama.fr/","name":"La Dama","description":"Le restaurant de Davide et Marion à Mâcon","publisher":{"@id":"https://ladama.fr/#organization"},"potentialAction":[{"@type":"SearchAction","target":{"@type":"EntryPoint","urlTemplate":"https://ladama.fr/?s={search_term_string}"},"query-input":"required name=search_term_string"}],"inLanguage":"it-IT"},{"@type":"WebPage","@id":"https://ladama.agencealbum.com/la-terrasse-du-clos/","url":"https://ladama.agencealbum.com/la-terrasse-du-clos/","name":"La Dama | La terrasse du clos","isPartOf":{"@id":"https://ladama.fr/#website"},"datePublished":"2022-07-11T14:47:57+00:00","dateModified":"2022-07-27T12:46:23+00:00","description":"Restaurant éphémère au cœur du cru Pouilly-Fuissé, au milieu des vignes, dans un cadre unique face à la Roche de Solutré.","breadcrumb":{"@id":"https://ladama.agencealbum.com/la-terrasse-du-clos/#breadcrumb"},"inLanguage":"it-IT","potentialAction":[{"@type":"ReadAction","target":["https://ladama.agencealbum.com/la-terrasse-du-clos/"]}]},{"@type":"BreadcrumbList","@id":"https://ladama.agencealbum.com/la-terrasse-du-clos/#breadcrumb","itemListElement":[{"@type":"ListItem","position":1,"name":"Accueil","item":"https://ladama.fr/"},{"@type":"ListItem","position":2,"name":"La terrasse du clos"}]}]}</script>
<!-- / Yoast SEO plugin. -->

Restaurant éphémère au cœur du cru Pouilly-Fuissé, au milieu des vignes, dans un cadre unique face à la Roche de Solutré.

Le restaurant de Davide et Marion à Mâcon
